{"id":18,"date":"2026-02-18T18:49:24","date_gmt":"2026-02-18T18:49:24","guid":{"rendered":"https:\/\/www.compunauta.net\/cms\/?page_id=18"},"modified":"2026-02-18T21:26:40","modified_gmt":"2026-02-18T21:26:40","slug":"inicio","status":"publish","type":"page","link":"https:\/\/www.compunauta.net\/cms\/","title":{"rendered":"Inicio"},"content":{"rendered":"\n<div class=\"wp-block-cover\" style=\"padding-top:0;padding-bottom:0\"><span aria-hidden=\"true\" class=\"wp-block-cover__background has-background-dim-70 wp-block-cover__gradient-background\" style=\"background:linear-gradient(135deg,#0f172a 0%,#1e3a5f 50%,#0f172a 100%)\"><\/span>\n<div class=\"wp-block-cover__inner-container has-global-padding is-layout-constrained wp-container-core-cover-is-layout-e52cdc28 wp-block-cover-is-layout-constrained\" style=\"padding:80px 20px\">\n\n\n<h1 class=\"wp-block-heading has-text-align-center\" style=\"color:#ffffff;font-size:clamp(2rem,5vw,3.5rem);font-weight:800;margin-bottom:16px\">Compunauta<\/h1>\n\n\n\n<p class=\"has-text-align-center\" style=\"color:#93c5fd;font-size:clamp(0.875rem, 0.875rem + ((1vw - 0.2rem) * 0.588), 1.25rem);font-weight:600;margin-bottom:16px\">Tecnolog\u00eda accesible, segura y sin rodeos<\/p>\n\n\n\n<p class=\"has-text-align-center hero-subtitle\" style=\"color:#cbd5e1;font-size:clamp(0.875rem, 0.875rem + ((1vw - 0.2rem) * 0.275), 1.05rem);\">Somos un club global de especialistas en inform\u00e1tica. Mantenemos tus equipos funcionando, protegemos tu privacidad y te educamos sobre seguridad digital \u2014 <strong style=\"color:#fff\">desde 2001<\/strong>.<\/p>\n\n\n<div style=\"height:32px\" aria-hidden=\"true\" class=\"wp-block-spacer\"><\/div>\n\n\n<div class=\"wp-block-buttons is-content-justification-center is-layout-flex wp-container-core-buttons-is-layout-a89b3969 wp-block-buttons-is-layout-flex\">\n\n<div class=\"wp-block-button has-custom-font-size has-medium-font-size\"><a class=\"wp-block-button__link wp-element-button\" href=\"\/cms\/servicios\/\">Ver nuestros servicios<\/a><\/div>\n\n\n<div class=\"wp-block-button is-style-outline has-custom-font-size has-medium-font-size is-style-outline--1\"><a class=\"wp-block-button__link wp-element-button\" href=\"\/cms\/blog\/\">Leer el blog<\/a><\/div>\n\n<\/div>\n\n\n<\/div><\/div>\n\n\n<div style=\"height:60px\" aria-hidden=\"true\" class=\"wp-block-spacer\"><\/div>\n\n\n<h2 class=\"wp-block-heading has-text-align-center\" style=\"color:#0f172a;font-size:clamp(1.25rem, 1.25rem + ((1vw - 0.2rem) * 1.176), 2rem);font-weight:700;margin-bottom:8px\">\u00bfQu\u00e9 hacemos?<\/h2>\n\n\n\n<p class=\"has-text-align-center\" style=\"color:#64748b;font-size:clamp(0.875rem, 0.875rem + ((1vw - 0.2rem) * 0.275), 1.05rem);margin-bottom:48px\">Servicios t\u00e9cnicos certificados bajo un est\u00e1ndar de calidad global<\/p>\n\n\n\n<div class=\"wp-block-columns is-layout-flex wp-container-core-columns-is-layout-13e2ef3f wp-block-columns-is-layout-flex\">\n\n<div class=\"wp-block-column is-layout-flow wp-block-column-is-layout-flow\">\n\n<h3 class=\"wp-block-heading has-text-align-center\">\ud83d\udd27 Soporte T\u00e9cnico<\/h3>\n\n\n<p class=\"has-text-align-center\">Mantenimiento preventivo y correctivo para equipos de escritorio, laptops y servidores. Windows y Linux.<\/p>\n\n\n<p class=\"has-text-align-center\"><a href=\"\/cms\/servicios\/\">Ver servicio \u2192<\/a><\/p>\n\n<\/div>\n\n\n<div class=\"wp-block-column is-layout-flow wp-block-column-is-layout-flow\">\n\n<h3 class=\"wp-block-heading has-text-align-center\">\ud83d\udd12 Seguridad Digital<\/h3>\n\n\n<p class=\"has-text-align-center\">Protecci\u00f3n contra ransomware, malware y amenazas. Configuraci\u00f3n de herramientas de privacidad probadas.<\/p>\n\n\n<p class=\"has-text-align-center\"><a href=\"\/cms\/servicios\/\">Ver servicio \u2192<\/a><\/p>\n\n<\/div>\n\n\n<div class=\"wp-block-column is-layout-flow wp-block-column-is-layout-flow\">\n\n<h3 class=\"wp-block-heading has-text-align-center\">\ud83d\udccb Certificaci\u00f3n<\/h3>\n\n\n<p class=\"has-text-align-center\">\u00danete a nuestra red global. Certificaci\u00f3n gratuita para t\u00e9cnicos. 6 meses de anuncio sin costo al certificarte.<\/p>\n\n\n<p class=\"has-text-align-center\"><a href=\"\/cms\/contacto\/\">M\u00e1s informaci\u00f3n \u2192<\/a><\/p>\n\n<\/div>\n\n<\/div>\n\n\n<div style=\"height:60px\" aria-hidden=\"true\" class=\"wp-block-spacer\"><\/div>\n\n\n<div class=\"wp-block-group has-global-padding is-layout-constrained wp-container-core-group-is-layout-7ab62ca2 wp-block-group-is-layout-constrained\" style=\"background-color:#f1f5f9;padding:60px 20px\">\n\n<h2 class=\"wp-block-heading has-text-align-center\" style=\"color:#0f172a;font-size:clamp(1.146rem, 1.146rem + ((1vw - 0.2rem) * 1.026), 1.8rem);font-weight:700;margin-bottom:40px\">\u00bfPor qu\u00e9 elegir Compunauta?<\/h2>\n\n\n<div class=\"wp-block-columns is-layout-flex wp-container-core-columns-is-layout-2cc6ed71 wp-block-columns-is-layout-flex\">\n\n<div class=\"wp-block-column is-layout-flow wp-block-column-is-layout-flow\" style=\"flex-basis:50%\">\n\n<ul class=\"wp-block-list\">\n<li>\u2705 <strong>+20 a\u00f1os de experiencia<\/strong> en soporte t\u00e9cnico profesional<\/li>\n<li>\u2705 <strong>Red global de t\u00e9cnicos certificados<\/strong> bajo est\u00e1ndares uniformes<\/li>\n<li>\u2705 <strong>Blog sin publicidad<\/strong> \u2014 contenido honesto y t\u00e9cnico<\/li>\n<\/ul>\n\n<\/div>\n\n\n<div class=\"wp-block-column is-layout-flow wp-block-column-is-layout-flow\" style=\"flex-basis:50%\">\n\n<ul class=\"wp-block-list\">\n<li>\u2705 <strong>Especialistas en privacidad<\/strong> y protecci\u00f3n de datos<\/li>\n<li>\u2705 <strong>Soporte para hardware antiguo<\/strong> \u2014 no necesitas reemplazar tu equipo<\/li>\n<li>\u2705 <strong>Certificaci\u00f3n gratuita<\/strong> para t\u00e9cnicos que quieran unirse<\/li>\n<\/ul>\n\n<\/div>\n\n<\/div>\n\n<\/div>\n\n\n<div style=\"height:60px\" aria-hidden=\"true\" class=\"wp-block-spacer\"><\/div>\n\n\n<h2 class=\"wp-block-heading has-text-align-center\" style=\"color:#0f172a;font-size:clamp(1.146rem, 1.146rem + ((1vw - 0.2rem) * 1.026), 1.8rem);font-weight:700;margin-bottom:12px\">\u00daltimos art\u00edculos del blog<\/h2>\n\n\n\n<p class=\"has-text-align-center\" style=\"margin-bottom:40px\">Contenido t\u00e9cnico sobre seguridad, privacidad y tecnolog\u00eda<\/p>\n\n\n\n<div class=\"wp-block-query is-layout-flow wp-block-query-is-layout-flow\">\n<ul class=\"columns-3 wp-block-post-template is-layout-grid wp-container-core-post-template-is-layout-6d3fbd8f wp-block-post-template-is-layout-grid\"><li class=\"wp-block-post post-36 post type-post status-publish format-standard hentry category-sin-categoria\">\n\n<div class=\"wp-block-group has-global-padding is-layout-constrained wp-container-core-group-is-layout-6569583f wp-block-group-is-layout-constrained\" style=\"padding:24px 20px\">\n<h3 style=\"font-size:clamp(0.875rem, 0.875rem + ((1vw - 0.2rem) * 0.196), 1rem);font-weight:700; margin-bottom:8px;\" class=\"wp-block-post-title\"><a href=\"https:\/\/www.compunauta.net\/cms\/wikipedia-sin-conexion-cdpedia-y-kiwix-para-mas-privacidad\/\" target=\"_self\" >Wikipedia sin conexi\u00f3n: CDPedia y Kiwix para m\u00e1s privacidad<\/a><\/h3>\n<div style=\"color:#94a3b8; font-size:0.8rem;\" class=\"wp-block-post-date has-text-color\"><time datetime=\"2026-02-18T18:52:12+00:00\">18 de febrero de 2026<\/time><\/div>\n<div style=\"font-size:clamp(0.875rem, 0.875rem + ((1vw - 0.2rem) * 0.039), 0.9rem);\" class=\"wp-block-post-excerpt\"><p class=\"wp-block-post-excerpt__excerpt\">Wikipedia sin conexi\u00f3n: CDPedia y Kiwix para m\u00e1s privacidad Cada b\u00fasqueda que haces en l\u00ednea genera un registro. Usar una&hellip;<\/p><p class=\"wp-block-post-excerpt__more-text\"><a class=\"wp-block-post-excerpt__more-link\" href=\"https:\/\/www.compunauta.net\/cms\/wikipedia-sin-conexion-cdpedia-y-kiwix-para-mas-privacidad\/\">Leer \u2192<\/a><\/p><\/div>\n<\/div>\n\n<\/li><li class=\"wp-block-post post-34 post type-post status-publish format-standard hentry category-sin-categoria\">\n\n<div class=\"wp-block-group has-global-padding is-layout-constrained wp-container-core-group-is-layout-6569583f wp-block-group-is-layout-constrained\" style=\"padding:24px 20px\">\n<h3 style=\"font-size:clamp(0.875rem, 0.875rem + ((1vw - 0.2rem) * 0.196), 1rem);font-weight:700; margin-bottom:8px;\" class=\"wp-block-post-title\"><a href=\"https:\/\/www.compunauta.net\/cms\/windows-11-y-la-obsolescencia-programada-lo-que-debes-saber\/\" target=\"_self\" >Windows 11 y la obsolescencia programada: lo que debes saber<\/a><\/h3>\n<div style=\"color:#94a3b8; font-size:0.8rem;\" class=\"wp-block-post-date has-text-color\"><time datetime=\"2026-02-18T18:52:10+00:00\">18 de febrero de 2026<\/time><\/div>\n<div style=\"font-size:clamp(0.875rem, 0.875rem + ((1vw - 0.2rem) * 0.039), 0.9rem);\" class=\"wp-block-post-excerpt\"><p class=\"wp-block-post-excerpt__excerpt\">Windows 11 y la obsolescencia programada: lo que debes saber Los requisitos de hardware de Windows 11 dejan fuera a&hellip;<\/p><p class=\"wp-block-post-excerpt__more-text\"><a class=\"wp-block-post-excerpt__more-link\" href=\"https:\/\/www.compunauta.net\/cms\/windows-11-y-la-obsolescencia-programada-lo-que-debes-saber\/\">Leer \u2192<\/a><\/p><\/div>\n<\/div>\n\n<\/li><li class=\"wp-block-post post-32 post type-post status-publish format-standard hentry category-sin-categoria\">\n\n<div class=\"wp-block-group has-global-padding is-layout-constrained wp-container-core-group-is-layout-6569583f wp-block-group-is-layout-constrained\" style=\"padding:24px 20px\">\n<h3 style=\"font-size:clamp(0.875rem, 0.875rem + ((1vw - 0.2rem) * 0.196), 1rem);font-weight:700; margin-bottom:8px;\" class=\"wp-block-post-title\"><a href=\"https:\/\/www.compunauta.net\/cms\/proteccion-real-contra-el-ransomware\/\" target=\"_self\" >Protecci\u00f3n real contra el ransomware<\/a><\/h3>\n<div style=\"color:#94a3b8; font-size:0.8rem;\" class=\"wp-block-post-date has-text-color\"><time datetime=\"2026-02-18T18:52:08+00:00\">18 de febrero de 2026<\/time><\/div>\n<div style=\"font-size:clamp(0.875rem, 0.875rem + ((1vw - 0.2rem) * 0.039), 0.9rem);\" class=\"wp-block-post-excerpt\"><p class=\"wp-block-post-excerpt__excerpt\">Protecci\u00f3n real contra el ransomware El ransomware \u2014el software que cifra tus archivos y exige un rescate\u2014 es una de&hellip;<\/p><p class=\"wp-block-post-excerpt__more-text\"><a class=\"wp-block-post-excerpt__more-link\" href=\"https:\/\/www.compunauta.net\/cms\/proteccion-real-contra-el-ransomware\/\">Leer \u2192<\/a><\/p><\/div>\n<\/div>\n\n<\/li><\/ul>\n<\/div>\n\n\n<div style=\"height:32px\" aria-hidden=\"true\" class=\"wp-block-spacer\"><\/div>\n\n\n<div class=\"wp-block-buttons is-content-justification-center is-layout-flex wp-container-core-buttons-is-layout-a89b3969 wp-block-buttons-is-layout-flex\">\n\n<div class=\"wp-block-button is-style-outline is-style-outline--2\"><a class=\"wp-block-button__link wp-element-button\" href=\"\/cms\/blog\/\">Ver todos los art\u00edculos<\/a><\/div>\n\n<\/div>\n\n\n<div style=\"height:60px\" aria-hidden=\"true\" class=\"wp-block-spacer\"><\/div>\n\n\n<div class=\"wp-block-group has-global-padding is-layout-constrained wp-container-core-group-is-layout-7ab62ca2 wp-block-group-is-layout-constrained\" style=\"background-color:#0f172a;padding:60px 20px\">\n\n<h2 class=\"wp-block-heading has-text-align-center\" style=\"color:#fff;font-size:clamp(1.146rem, 1.146rem + ((1vw - 0.2rem) * 1.026), 1.8rem);font-weight:700;margin-bottom:16px\">\u00bfNecesitas soporte t\u00e9cnico?<\/h2>\n\n\n<p class=\"has-text-align-center\" style=\"color:#94a3b8;font-size:clamp(0.875rem, 0.875rem + ((1vw - 0.2rem) * 0.275), 1.05rem);margin-bottom:32px\">Encuentra un t\u00e9cnico Compunauta certificado en tu \u00e1rea o cont\u00e1ctanos para m\u00e1s informaci\u00f3n.<\/p>\n\n\n<div class=\"wp-block-buttons is-content-justification-center is-layout-flex wp-container-core-buttons-is-layout-a89b3969 wp-block-buttons-is-layout-flex\">\n\n<div class=\"wp-block-button\"><a class=\"wp-block-button__link wp-element-button\" href=\"\/cms\/contacto\/\">Contactar ahora<\/a><\/div>\n\n\n<div class=\"wp-block-button is-style-outline is-style-outline--3\"><a class=\"wp-block-button__link wp-element-button\" style=\"color:#fff;border-color:#fff\" href=\"\/cms\/acerca-de\/\">Conocer m\u00e1s<\/a><\/div>\n\n<\/div>\n\n<\/div>\n","protected":false},"excerpt":{"rendered":"<p>\u00bfQu\u00e9 hacemos? Servicios t\u00e9cnicos certificados bajo un est\u00e1ndar de calidad global \ud83d\udd27 Soporte T\u00e9cnico Mantenimiento preventivo y correctivo para equipos de escritorio, laptops y servidores. Windows y Linux. Ver servicio \u2192 \ud83d\udd12 Seguridad Digital Protecci\u00f3n contra ransomware, malware y amenazas. Configuraci\u00f3n de herramientas de privacidad probadas. Ver servicio \u2192 \ud83d\udccb Certificaci\u00f3n \u00danete a nuestra red [&hellip;]<\/p>\n","protected":false},"author":1,"featured_media":0,"parent":0,"menu_order":0,"comment_status":"closed","ping_status":"closed","template":"","meta":{"footnotes":""},"class_list":["post-18","page","type-page","status-publish","hentry"],"_links":{"self":[{"href":"https:\/\/www.compunauta.net\/cms\/wp-json\/wp\/v2\/pages\/18","targetHints":{"allow":["GET"]}}],"collection":[{"href":"https:\/\/www.compunauta.net\/cms\/wp-json\/wp\/v2\/pages"}],"about":[{"href":"https:\/\/www.compunauta.net\/cms\/wp-json\/wp\/v2\/types\/page"}],"author":[{"embeddable":true,"href":"https:\/\/www.compunauta.net\/cms\/wp-json\/wp\/v2\/users\/1"}],"replies":[{"embeddable":true,"href":"https:\/\/www.compunauta.net\/cms\/wp-json\/wp\/v2\/comments?post=18"}],"version-history":[{"count":2,"href":"https:\/\/www.compunauta.net\/cms\/wp-json\/wp\/v2\/pages\/18\/revisions"}],"predecessor-version":[{"id":48,"href":"https:\/\/www.compunauta.net\/cms\/wp-json\/wp\/v2\/pages\/18\/revisions\/48"}],"wp:attachment":[{"href":"https:\/\/www.compunauta.net\/cms\/wp-json\/wp\/v2\/media?parent=18"}],"curies":[{"name":"wp","href":"https:\/\/api.w.org\/{rel}","templated":true}]}}